eatest common divisor of 7640810 and 50?
10
Calculate the greatest common divisor of 797526 and 85050.
486
Calculate the highest common divisor of 754009 and 943.
23
What is the highest common factor of 4424 and 173066?
2
Calculate the highest common factor of 166618902 and 1926.
642
What is the highest common factor of 1118043 and 15179?
43
Calculate the greatest common divisor of 24129514 and 268.
134
Calculate the greatest common factor of 19633572 and 1836.
612
What is the highest common divisor of 1401108 and 1431?
159
Calculate the greatest common factor of 1607654 and 1426.
46
What is the highest common divisor of 12 and 32856756?
12
What is the highest common factor of 75625 and 193600?
3025
Calculate the highest common factor of 39275753 and 484.
121
Calculate the highest common factor of 201 and 36017726.
67
What is the greatest common divisor of 566626 and 146?
146
Calculate the highest common divisor of 52244 and 460724.
148
What is the greatest common factor of 58708 and 15059731?
1129
Calculate the greatest common divisor of 1766674 and 1456.
182
Calculate the greatest common divisor of 13491792 and 80.
16
What is the greatest common divisor of 4998 and 35369376?
294
What is the highest common divisor of 5 and 17490360?
5
What is the highest common factor of 40687 and 78080?
61
What is the highest common divisor of 314428414 and 4041?
449
Calculate the greatest common factor of 15857 and 380063.
101
Calculate the greatest common divisor of 20206565 and 3535.
505
What is the highest common factor of 742 and 195174?
14
Calculate the greatest common divisor of 1526 and 1144282.
218
Calculate the greatest common factor of 2648 and 124106464.
2648
Calculate the greatest common divisor of 105 and 619773.
21
What is the highest common divisor of 927 and 178677?
9
What is the greatest common factor of 488454 and 5994?
6
Calculate the greatest common factor of 683315168 and 366.
122
Calculate the highest common factor of 212373744 and 22.
22
What is the greatest common divisor of 61 and 2054982213?
61
What is the highest common divisor of 2272670 and 60?
10
Calculate the highest common factor of 2827 and 169363.
257
What is the greatest common factor of 5630 and 16715470?
5630
What is the greatest common factor of 514316 and 5148?
44
Calculate the greatest common factor of 272942895 and 222.
111
Calculate the highest common divisor of 90 and 2677149.
9
What is the highest common divisor of 2668190 and 130?
10
What is the greatest common factor of 5057 and 503971?
13
What is the greatest common factor of 1327423962 and 822?
822
What is the highest common divisor of 18291762 and 144?
18
Calculate the highest common factor of 4116932 and 38092.
428
Calculate the greatest common divisor of 1050 and 27076350.
1050
Calculate the highest common factor of 46391 and 52024481.
2017
Calculate the highest common factor of 29083317 and 1131.
87
Calculate the greatest common divisor of 2116666379 and 782.
391
What is the greatest common divisor of 3 and 6302874?
3
What is the greatest common divisor of 1173 and 12321583?
391
Calculate the greatest common factor of 1816622 and 22682.
2062
What is the highest common divisor of 7521 and 6423?
3
Calculate the highest common factor of 3770019 and 1293963.
3729
What is the highest common factor of 1588432 and 816?
16
What is the highest common factor of 818700 and 40?
20
Calculate the greatest common factor of 688452 and 275628.
1236
Calculate the greatest common divisor of 400 and 17807300.
100
What is the highest common divisor of 462279 and 12?
3
What is the highest common divisor of 776160 and 17856?
288
Calculate the greatest common divisor of 77273505 and 5706.
2853
What is the greatest common divisor of 67036952 and 16?
8
What is the greatest common factor of 54426299 and 107?
107
Calculate the greatest common divisor of 7975530 and 335.
5
Calculate the highest common factor of 3886396 and 721.
103
What is the greatest common factor of 1568 and 23035488?
1568
What is the greatest common divisor of 386453088 and 1120?
224
What is the highest common divisor of 50257 and 43413?
29
Calculate the greatest common factor of 208 and 25380264.
104
Calculate the greatest common factor of 8292586 and 737806.
4418
Calculate the highest common divisor of 15138 and 258256803.
2523
What is the greatest common factor of 21996 and 1224054?
234
What is the highest common divisor of 258223 and 350427?
259
What is the highest common divisor of 22464 and 1002807?
351
What is the highest common factor of 43145934 and 39?
39
What is the greatest common factor of 67611992 and 714?
238
Calculate the greatest common factor of 17338144 and 128.
32
Calculate the highest common factor of 3031358427 and 11079.
11079
What is the greatest common divisor of 271398 and 5574?
6
What is the highest common divisor of 76674870 and 1380?
690
What is the greatest common divisor of 861240 and 14205?
15
Calculate the greatest common divisor of 653 and 143664571.
653
Calculate the greatest common factor of 66723682 and 1432.
358
What is the greatest common divisor of 1449 and 1308573?
63
What is the greatest common factor of 65704491 and 3537?
1179
Calculate the greatest common factor of 171088500 and 13200.
3300
What is the greatest common divisor of 1664 and 154340992?
1664
What is the greatest common divisor of 2572576 and 5372?
68
What is the highest common divisor of 7506 and 1769331?
417
Calculate the greatest common factor of 248651 and 11687.
403
What is the greatest common factor of 3128153 and 15317561?
11543
Calculate the highest common factor of 7912179 and 9389.
229
Calculate the highest common divisor of 180198585 and 7.
7
Calculate the greatest common factor of 251544 and 10904.
376
What is the highest common factor of 33727348 and 1214?
1214
What is the greatest common factor of 1695792 and 1058016?
4944
Calculate the highest common factor of 1692 and 34194051.
423
What is the highest common divisor of 48894461 and 1166?
583
Calculate the highest common factor of 31 and 713725865.
31
What is the greatest common divisor of 4644077529 and 11739?
11739
Calculate the highest common factor of 93170 and 123480.
70
What is the highest common factor of 576984 and 397068?
348
Calculate the greatest common factor of 225 and 2529467775.
225
What is the highest common divisor of 11233462 and 16499?
2357
Calculate the greatest common divisor of 104 and 12671243.
13
Calculate the greatest common factor of 22695020 and 276.
92
Calculate the greatest common divisor of 2120 and 7298312.
424
Calculate the greatest common factor of 10560 and 3670848.
192
Calculate the highest common factor of 18758658 and 465.
93
Calculate the greatest common factor of 1280 and 373805.
5
Calculate the greatest common factor of 1756530 and 70.
10
Calculate the highest common divisor of 756 and 1200204.
108
Calculate the greatest common divisor of 7405308 and 36.
36
What is the greatest common factor of 522 and 14582070?
522
What is the greatest common factor of 49689352 and 1096?
1096
What is the highest common divisor of 15121050 and 4200?
1050
Calculate the greatest common factor of 150929181 and 21744.
1359
Calculate the highest common divisor of 2103319 and 988.
19
What is the greatest common divisor of 4130 and 22420?
590
What is the highest common factor of 108567 and 55296?
27
What is the highest common divisor of 210 and 18427395?
105
Calculate the greatest common factor of 4410 and 403412310.
630
What is the greatest common divisor of 38202490 and 4?
2
What is the greatest common factor of 2212 and 7082614?
14
What is the highest common factor of 207650421 and 198?
99
Calculate the highest common divisor of 25475247 and 9.
9
Calculate the greatest common factor of 5 and 1048179835.
5
What is the greatest common divisor of 8505 and 1051704?
243
What is the highest common factor of 8026788 and 16644?
876
What is the greatest common factor of 341 and 157639123?
31
What is the highest common divisor of 6645 and 35300455?
2215
Calculate the highest common factor of 37966 and 287164.
82
What is the greatest common divisor of 452706 and 320322?
1182
Calculate the highest common divisor of 144454946 and 554.
554
Calculate the greatest common factor of 524800